s the remainder when 25423 is divided by 24896?
527
Calculate the remainder when 4614345 is divided by 10.
5
Calculate the remainder when 811993 is divided by 41.
29
What is the remainder when 1191589 is divided by 7310?
59
Calculate the remainder when 13955609 is divided by 3423.
38
What is the remainder when 11296192 is divided by 627565?
22
Calculate the remainder when 145072 is divided by 17938.
1568
Calculate the remainder when 141897 is divided by 28330.
247
Calculate the remainder when 245094 is divided by 2211.
1884
What is the remainder when 2553575 is divided by 144?
23
What is the remainder when 922960 is divided by 102543?
73
What is the remainder when 14179104 is divided by 30?
24
What is the remainder when 20895 is divided by 2341?
2167
What is the remainder when 32168018 is divided by 120?
98
Calculate the remainder when 11958211 is divided by 241.
32
Calculate the remainder when 12291373 is divided by 4097123.
4
Calculate the remainder when 146835 is divided by 371.
290
Calculate the remainder when 1386087 is divided by 84.
3
Calculate the remainder when 90593 is divided by 192.
161
What is the remainder when 1233926 is divided by 1388?
1382
Calculate the remainder when 1564615 is divided by 195568.
71
Calculate the remainder when 110614 is divided by 8101.
5301
What is the remainder when 750500 is divided by 152?
76
What is the remainder when 634835 is divided by 41?
32
What is the remainder when 3543980 is divided by 10?
0
What is the remainder when 5129967 is divided by 146570?
17
What is the remainder when 5771554 is divided by 110990?
74
What is the remainder when 44171 is divided by 6998?
2183
Calculate the remainder when 360785 is divided by 261.
83
Calculate the remainder when 785683 is divided by 156.
67
What is the remainder when 3903868 is divided by 3903854?
14
Calculate the remainder when 178894 is divided by 139.
1
What is the remainder when 2609453 is divided by 411?
14
Calculate the remainder when 206087 is divided by 203264.
2823
Calculate the remainder when 4918387 is divided by 308.
243
Calculate the remainder when 872849 is divided by 75.
74
Calculate the remainder when 249686554 is divided by 588.
586
What is the remainder when 6910 is divided by 1933?
1111
Calculate the remainder when 807447309 is divided by 19.
15
What is the remainder when 6010930 is divided by 858700?
30
What is the remainder when 74933877 is divided by 3885?
3882
Calculate the remainder when 8091 is divided by 180.
171
Calculate the remainder when 1332912 is divided by 78406.
10
What is the remainder when 23943 is divided by 1082?
139
Calculate the remainder when 3950 is divided by 137.
114
Calculate the remainder when 12073750 is divided by 271.
158
Calculate the remainder when 141233 is divided by 673.
576
What is the remainder when 81238682 is divided by 27079560?
2
What is the remainder when 15386 is divided by 2114?
588
Calculate the remainder when 16687204 is divided by 6185.
74
Calculate the remainder when 1659965 is divided by 276568.
557
Calculate the remainder when 53329765 is divided by 390.
385
What is the remainder when 129508 is divided by 1648?
964
What is the remainder when 6630810 is divided by 66?
54
What is the remainder when 75685977 is divided by 3692?
3669
What is the remainder when 80101772 is divided by 1948?
12
What is the remainder when 2349536 is divided by 335590?
406
What is the remainder when 4016693 is divided by 3106?
635
What is the remainder when 64028 is divided by 19864?
4436
Calculate the remainder when 386280 is divided by 876.
840
What is the remainder when 7152458 is divided by 769?
758
What is the remainder when 7100813 is divided by 74?
69
What is the remainder when 32465472 is divided by 461?
8
Calculate the remainder when 15598835 is divided by 28005.
50
What is the remainder when 656460 is divided by 252?
0
What is the remainder when 8528856 is divided by 446?
444
What is the remainder when 910077 is divided by 6191?
0
Calculate the remainder when 1398697 is divided by 207.
205
What is the remainder when 410825 is divided by 8986?
6455
What is the remainder when 23905 is divided by 2787?
1609
Calculate the remainder when 1039063 is divided by 8957.
51
Calculate the remainder when 933820 is divided by 758.
722
Calculate the remainder when 5328796 is divided by 21487.
20
What is the remainder when 3400359 is divided by 54?
33
What is the remainder when 3494962 is divided by 23?
20
Calculate the remainder when 484807155 is divided by 2882.
2879
What is the remainder when 368154 is divided by 40902?
36
Calculate the remainder when 495543 is divided by 14.
13
Calculate the remainder when 56754964 is divided by 6.
4
Calculate the remainder when 3497774 is divided by 149.
148
Calculate the remainder when 96929528 is divided by 93.
92
Calculate the remainder when 20310 is divided by 182.
108
Calculate the remainder when 314903772 is divided by 15.
12
Calculate the remainder when 276849 is divided by 34588.
145
Calculate the remainder when 52771 is divided by 3830.
2981
What is the remainder when 2816729 is divided by 352012?
633
Calculate the remainder when 26447469 is divided by 805.
804
What is the remainder when 577611 is divided by 432?
27
What is the remainder when 25179256 is divided by 108?
28
Calculate the remainder when 4742195 is divided by 53.
20
What is the remainder when 10158595 is divided by 10158588?
7
Calculate the remainder when 1290379 is divided by 107531.
7
What is the remainder when 19085 is divided by 9156?
773
What is the remainder when 655254 is divided by 101?
67
What is the remainder when 143419294 is divided by 96?
94
Calculate the remainder when 200965 is divided by 56.
37
What is the remainder when 12111 is divided by 5354?
1403
Calculate the remainder when 87049898 is divided by 70.
68
Calculate the remainder when 7522442 is divided by 211.
81
Calculate the remainder when 780317 is divided by 45879.
374
What is the remainder when 2036602 is divided by 30397?
3
Calculate the remainder when 33347 is divided by 1659.
167
Calculate the remainder when 211247100 is divided by 128.
124
What is the remainder when 3560196 is divided by 2?
0
Calculate the remainder when 744364 is divided by 372098.
168
Calculate the remainder when 73098 is divided by 36527.
44
Calculate the remainder when 5270293 is divided by 448.
21
Calculate the remainder when 37683052 is divided by 29.
17
Calculate the remainder when 3172108 is divided by 528682.
16
What is the remainder when 11913672 is divided by 3109?
3093
What is the remainder when 7792638 is divided by 10?
8
Calculate the remainder when 137208 is divided by 1951.
638
Calculate the remainder when 903958858 is divided by 451979424.
10
What is the remainder when 219566 is divided by 12179?
344
What is the remainder when 7172239 is divided by 2390745?
4
What is the remainder when 178906 is divided by 3376?
3354
What is the remainder when 504702 is divided by 785?
732
Calculate the remainder when 598269 is divided by 283.
7
What is the remainder when 673023 is divided by 306?
129
What is the remainder when 35733631 is divided by 150?
31
Calculate the remainder when 1559744 is divided by 257.
11
What is the remainder when 3279273 is divided by 273222?
609
What is the remainder when 1541224 is divided by 406?
48
Calculate the remainder when 19672196 is divided by 16587.
14
Calculate the remainder when 6207306 is divided by 48.
42
What is the remainder when 54711141 is divided by 347?
345
Calculate the remainder when 10391095 is divided by 3.
1
Calculate the remainder when 4105114 is divided by 4105097.
17
Calculate the remainder when 41022 is divided by 13626.
144
What is the remainder when 13316356 is divided by 25?
6
Calculate the remainder when 4080069 is divided by 301.
14
What is the remainder when 633833 is divided by 78991?
1905
Calculate the remainder when 5824989 is divided by 341.
27
Calculate the remainder when 555464 is divided by 111067.
129
What is the remainder when 86985 is divided by 23?
22
Calculate the remainder when 219618 is divided by 1186.
208
What is the remainder when 154929 is divided by 1579?
187
What is the remainder when 95554252 is divided by 15925706?
16
Calculate the remainder when 1554637 is divided by 919